re the prime factors of (18/6)/(12/836)?
11, 19
Suppose 0 = -4*j + 3*s + 2*s + 297, -3*s - 3 = 0. What are the prime factors of j?
73
Let r(o) = -o**2 + 0*o**2 - 1 + 0 + 5*o. Let c be r(3). Suppose 2*b + 16 = u + 3, -c*b = 15. What are the prime factors of u?
7
Let m(w) = 5*w**2 - 1. Suppose -7 = -3*i - 2*q + 19, 3*q + 15 = 0. Suppose -b + 7 = 4*v, 2*v = -3*b + i - 1. List the prime factors of m(v).
2
Let n be 60/18 + 4/6. Suppose m - 8 = -2*a, -3*m + 0*a + n*a = -44. List the prime factors of m.
2, 3
Let u(k) = -4*k + 5 + 18*k - 3. Let t be u(-2). Let q = t - -38. List the prime factors of q.
2, 3
Let s = 72 - -9. What are the prime factors of s?
3
Suppose -5*y + 13 = -17. Let u be (-21)/(-6) + 2/(-4). Let s = u + y. What are the prime factors of s?
3
Let q(s) be the first derivative of s**2/2 + 8*s + 3. List the prime factors of q(6).
2, 7
Suppose -6*s + 5*s = -4, 3*w + 5*s - 1067 = 0. What are the prime factors of w?
349
Suppose 5*u - 175 = -5*x, -2*u + 2*x - x = -61. Suppose 4*d = 4*s - 22 - 34, 2*s - 4*d - u = 0. What are the prime factors of s?
2, 3
Suppose 5*y + 6 = -3*x, 3 = -x - 2*y - 0. Suppose -2*b + 25 = x*b. Suppose -r + b = 3. List the prime factors of r.
2
Let w = -11 - -15. Let j = w + -8. Let t = 3 - j. What are the prime factors of t?
7
Let l(g) = g**2 - 5*g + 2. Let z be l(5). Let q be -4 + z + 184/4. Suppose 4*r - q - 12 = 0. What are the prime factors of r?
2, 7
Suppose 0 = -5*f + 809 + 61. What are the prime factors of f?
2, 3, 29
Suppose 2*a = -2*a - 24. Let d = 0 + a. Let r = d + 10. List the prime factors of r.
2
Suppose -6*n = -n. Let v = n - -3. Let a = 9 + v. What are the prime factors of a?
2, 3
Let b(l) = 7*l**2 - 5*l + 1. What are the prime factors of b(3)?
7
Let a(d) = 2*d - 12 + 2*d - 3*d. Let k be a(6). List the prime factors of (38/(-3))/(k/9).
19
Suppose 0 = v + 3, -2*u - v = 2*u - 37. What are the prime factors of u?
2, 5
Let x = -69 - -99. Suppose b = -3, i + 8 - x = 5*b. List the prime factors of i.
7
Let c be ((-12)/(-3))/(1 - 0). List the prime factors of 270/(-5)*(-2)/c.
3
Let o = 16 - 8. Let t = 17 - o. List the prime factors of t.
3
Suppose 2*x - 1 = 9. Suppose 2*l - 21 + x = -5*a, 3*l + 5*a = 19. List the prime factors of l*(-4)/(-30)*15.
2, 3
Let j = -2 - -8. Let h(y) = 3*y - y - 1 + y. What are the prime factors of h(j)?
17
Suppose 3*o + 2*h = 5*h + 1689, -h = -3. Suppose o = 4*y + 190. Suppose -y = -5*c - 34. What are the prime factors of c?
2, 3
Suppose 6*u - 36 = 2*u. Suppose -u = -2*b + 7. Suppose 2*j = -l + 11, -5*j + 0*j = -4*l - b. List the prime factors of j.
2
Suppose -a + 10 = 181. What are the prime factors of (3 - 1)*a/(-38)?
3
Let p be ((-16)/10)/((-1)/(-5)). Let h = 2 - p. List the prime factors of h.
2, 5
Suppose -i + 0*i = -p + 41, -4*i - 90 = -2*p. What are the prime factors of p?
37
Let a(u) = -1 + 0 + 6 - u**3 + 0*u + 5*u**2 + u. List the prime factors of a(5).
2, 5
Let d = 2 - -5. Let b(j) = -j**3 + 6*j**2 + 8*j - 2. Let t be b(d). Suppose 11 = -s + t*s - i, -2*s = 2*i - 18. List the prime factors of s.
2
Let r(k) = k**2 - 5*k - 4. Let s be ((-56)/(-12))/((-4)/(-6)). List the prime factors of r(s).
2, 5
Suppose 4*s - 4 = 5*s. What are the prime factors of (-70)/(-2) - (1 + s)?
2, 19
Suppose u - 3 + 8 = 0, -3*r = -2*u - 73. List the prime factors of r.
3, 7
Suppose -25 = -3*f + 2*f. Suppose i + 68 = -3*i. Let d = f + i. What are the prime factors of d?
2
Let v = 18 - 15. Suppose g + 10 = f, -f + v*g = f - 23. List the prime factors of f.
7
What are the prime factors of 33*-6*(-4)/8*1?
3, 11
Let z = -12 - -30. List the prime factors of z.
2, 3
Let v(b) = -16*b**3 + 4*b**2 + b - 3*b**2 - 16*b**3. List the prime factors of v(-1).
2
Let x(j) = -j**2 - 7*j - 4. Let y be x(-6). List the prime factors of ((4 - y) + 15)*1.
17
Let t(w) be the first derivative of 5*w**2 - 5*w - 5 + 3 - 4*w**2. List the prime factors of t(6).
7
What are the prime factors of (6 + 117)/(6/4)?
2, 41
Let o(l) = l**2 - 5*l - 1. Let i be o(6). Suppose -p = -47 + i. Suppose 4*v + 2*u = 62, -5*v + p = 3*u - 33. List the prime factors of v.
2, 3
List the prime factors of (-2 + 1/(-1))*23/(-3).
23
Let t(q) = 11 - 5 + q - 8 + 13*q. List the prime factors of t(2).
2, 13
Let b = 7 + -2. Suppose 0*l + 4*l + b*j = 57, 2*l - 21 = -5*j. List the prime factors of l.
2, 3
Let y be (-16)/(-72) + (-274)/18. Let c = 6 - y. What are the prime factors of c?
3, 7
Let f(s) = -2 + 3 - 4*s**2 - 2*s**2. Let o be f(-1). Let y = 11 + o. What are the prime factors of y?
2, 3
Let x = 15 - -18. What are the prime factors of x?
3, 11
Let l(z) = -z**3 + 5*z**2 + 5*z + 8. Let q be l(6). Suppose -q = 2*a, -p + a = -3*p + 67. List the prime factors of p.
2, 17
Let w(l) = l**3 + 6*l**2 - 7*l + 6. Let r be w(-7). List the prime factors of r/5*(14 + 11).
2, 3, 5
Suppose 2*d + 16 = 3*d + 3*t, 26 = 5*d - 3*t. Let y(z) = z - 3. Let j be y(d). Suppose n + 2*n = 5*f - 23, 4*f - 12 = -j*n. What are the prime factors of f?
2
Suppose -5*v + 412 = 2*b, -v = -6*v - 5*b + 415. What are the prime factors of v?
2, 41
Suppose 2*s = -u + 12, 3*s = 2*s + 4. Let p be (-6)/u*(-8)/12. List the prime factors of (4 - (-2)/1)*p.
2, 3
Suppose -5*r = 15, -n + r = 2*n - 6. Let z be -2*n + -12*1. List the prime factors of (-88)/z - 4/14.
2, 3
Let y(r) = -3*r - 10. Let o be y(-7). Suppose -3*c + 4*z + 36 = 0, 3*c - 3*z - 1 - 32 = 0. Let d = o - c. What are the prime factors of d?
3
Suppose 377 = 5*l + 107. What are the prime factors of l/8*32/12?
2, 3
Let x(h) = h**2 + 3*h. Let b = -14 + 7. Let v be 4/(-14) + 33/b. List the prime factors of x(v).
2, 5
Let j(p) = p**3 + p**2 + 3. Let o be j(0). Suppose 0 = -3*q - 2*c + 56, 0 = -3*q + o*c + 47 + 34. List the prime factors of q.
2, 11
What are the prime factors of ((-2788)/(-40) + (-2)/10)*2?
139
Let x(g) = g**3 + g**2 + g + 6. Let k(h) = h**3 + 3*h**2 + 1. Let n be k(-3). Let z be ((-2)/(-4)*0)/n. What are the prime factors of x(z)?
2, 3
Let h(s) be the second derivative of 0 + 2*s - 1/12*s**4 + 1/6*s**3 + 7/2*s**2. List the prime factors of h(0).
7
Let j = 8 + -6. Suppose -j*v - 3*y - 51 = 0, -y - 2*y = 3*v + 69. List the prime factors of v/(-12) - 22/(-4).
7
Let a(h) = h + 5. Let p = -9 + 1. Let t be a(p). List the prime factors of ((-11)/3)/(1/t).
11
Let b(v) = -v + 10. Suppose -2 - 3 = r + 4*x, -4*r - 20 = -4*x. Let z = r + 11. What are the prime factors of b(z)?
2
Let w(s) = s**2 + 6*s + 2. What are the prime factors of w(-10)?
2, 3, 7
List the prime factors of (-18)/(-2) - (7 - 3).
5
Let g(a) = -a**3 + 7*a**2 - 5*a + 5. Let k be g(6). Suppose k = -4*f + 55. What are the prime factors of f?
11
Suppose -3*z + 76 = -4*k - 99, 2*z + 3*k = 111. List the prime factors of z.
3, 19
Let o(a) = 2*a**2 + a - 2. Suppose 3 + 1 = 2*g. Suppose 3*u - g*k + 17 = 0, 5*u + 5*k - 5 = -0. List the prime factors of o(u).
13
Suppose -21 = -0*m - 3*m. Let i = 12 - m. What are the prime factors of i?
5
Let y = 19 - -1. Suppose y = 3*k - 112. List the prime factors of k.
2, 11
Suppose -2*h - 42 + 142 = 0. List the prime factors of h.
2, 5
What are the prime factors of 9/(-36) - (-434)/8?
2, 3
Suppose 7*w - 20 = 3*w. What are the prime factors of w?
5
Suppose 1130 + 88 = 6*h. What are the prime factors of h?
7, 29
Let l(i) be the third derivative of i**5/20 + i**4/12 + i**3/3 + 2*i**2. Suppose g + 5 = 3. What are the prime factors of l(g)?
2, 5
Suppose 3*k - q - 6 = -3*q, 4*q + 6 = 3*k. Suppose -4*i + 28 = 2*h - 34, 3*h = -k*i + 85. List the prime factors of h.
3
List the prime factors of (-15)/4*352/(-6).
2, 5, 11
List the prime factors of ((-32)/(-10))/((-2)/(-50)).
2, 5
Suppose p + u - 10 = 16, 2*p = -4*u + 62. List the prime factors of p.
3, 7
Suppose 0 = 4*u - u - 21. List the prime factors of (u + -9)/((-2)/20).
2, 5
Let l(r) = -r**2 - 3*r + 4. Suppose -x = 8 - 2. Let s be l(x). Let h = -8 - s. What are the prime factors of h?
2, 3
Let q(o) = 13*o - 1. Let c(f) = 27*f - 1. Let t(r) = -2*c(r) + 5*q(r). Let y be t(7). List the prime factors of y/4 + (-6)/12.
2, 3
Let r(g) = 3*g**2 - 5*g. Let h(j) = 2*j**2 - 4*j + 1. Let f(m) = -4*h(m) + 3*r(m). Let i be f(-3). What are the prime factors of (-8)/i*(-10)/4?
2, 5
Let b = 120 - 68. List the prime factors of b.
2, 13
Let m(o) be the first derivative of -o**2/2 + 5*o - 3. Let p be m(0). Suppos